2043567?
0
What is the hundreds digit of 178470830?
8
What is the hundred thousands digit of 136761174?
7
What is the units digit of 8565433?
3
What is the tens digit of 115607878?
7
What is the ten thousands digit of 5592089?
9
What is the hundred millions digit of 541260270?
5
What is the thousands digit of 1018635380?
5
What is the ten millions digit of 52974685?
5
What is the millions digit of 2185340629?
5
What is the hundred thousands digit of 110601093?
6
What is the hundred thousands digit of 250115074?
1
What is the ten thousands digit of 18996381?
9
What is the tens digit of 92813555?
5
What is the ten millions digit of 757767267?
5
What is the ten millions digit of 201748608?
0
What is the hundred millions digit of 1662240551?
6
What is the ten thousands digit of 45386492?
8
What is the ten millions digit of 364899623?
6
What is the hundred thousands digit of 6961278?
9
What is the thousands digit of 34018161?
8
What is the tens digit of 1817111333?
3
What is the millions digit of 210784573?
0
What is the ten thousands digit of 464976680?
7
What is the hundred millions digit of 206380979?
2
What is the billions digit of 1272815822?
1
What is the units digit of 49458585?
5
What is the thousands digit of 5257312750?
2
What is the billions digit of 2096407244?
2
What is the tens digit of 67594556?
5
What is the hundred thousands digit of 683967715?
9
What is the units digit of 11038233?
3
What is the ten thousands digit of 3134064677?
6
What is the tens digit of 644497478?
7
What is the ten thousands digit of 1569310831?
1
What is the ten thousands digit of 400229428?
2
What is the ten thousands digit of 106889120?
8
What is the millions digit of 96418183?
6
What is the units digit of 356909062?
2
What is the thousands digit of 1009731724?
1
What is the ten millions digit of 661876865?
6
What is the ten millions digit of 38562510?
3
What is the units digit of 543451864?
4
What is the units digit of 200073064?
4
What is the hundred millions digit of 126503098?
1
What is the ten millions digit of 196518416?
9
What is the millions digit of 57573171?
7
What is the hundred thousands digit of 827621654?
6
What is the tens digit of 134998359?
5
What is the hundred thousands digit of 208033206?
0
What is the thousands digit of 99389094?
9
What is the hundred thousands digit of 1761881821?
8
What is the ten thousands digit of 10066514?
6
What is the ten thousands digit of 127630433?
3
What is the tens digit of 415596748?
4
What is the hundred millions digit of 1375070943?
3
What is the units digit of 237319418?
8
What is the hundred thousands digit of 654259263?
2
What is the hundreds digit of 3118239751?
7
What is the tens digit of 18097762?
6
What is the tens digit of 493098?
9
What is the billions digit of 7420545328?
7
What is the units digit of 60680729?
9
What is the tens digit of 80079069?
6
What is the tens digit of 40414938?
3
What is the hundreds digit of 441574258?
2
What is the ten thousands digit of 6719512543?
1
What is the ten thousands digit of 822367628?
6
What is the hundreds digit of 4387180?
1
What is the billions digit of 1607009872?
1
What is the ten millions digit of 25770319?
2
What is the hundred thousands digit of 34841522?
8
What is the millions digit of 3577600?
3
What is the hundred thousands digit of 437046629?
0
What is the ten millions digit of 820494739?
2
What is the hundred millions digit of 1707933877?
7
What is the millions digit of 34802379?
4
What is the hundred millions digit of 1501993129?
5
What is the ten millions digit of 8938252206?
3
What is the millions digit of 17664892?
7
What is the ten millions digit of 26807738?
2
What is the ten thousands digit of 637668674?
6
What is the ten thousands digit of 901110531?
1
What is the hundred millions digit of 165068443?
1
What is the millions digit of 801707526?
1
What is the hundred millions digit of 250747074?
2
What is the hundred thousands digit of 4919608702?
6
What is the millions digit of 22395138?
2
What is the ten thousands digit of 237180495?
8
What is the ten thousands digit of 16665738?
6
What is the millions digit of 1873869886?
3
What is the ten millions digit of 226202805?
2
What is the millions digit of 242928079?
2
What is the hundred thousands digit of 82566843?
5
What is the ten millions digit of 3738161432?
3
What is the thousands digit of 92182787?
2
What is the ten thousands digit of 23177972?
7
What is the ten thousands digit of 724203700?
0
What is the tens digit of 130854623?
2
What is the thousands digit of 2360294946?
4
What is the hundred thousands digit of 4439234662?
2
What is the hundred thousands digit of 34422285?
4
What is the hundreds digit of 189499448?
4
What is the billions digit of 1146537362?
1
What is the thousands digit of 127285214?
5
What is the billions digit of 1935492129?
1
What is the tens digit of 58279600?
0
What is the thousands digit of 86754258?
4
What is the ten millions digit of 4171560319?
7
What is the units digit of 44854665?
5
What is the hundreds digit of 7510443134?
1
What is the hundred thousands digit of 90626489?
6
What is the billions digit of 1762666809?
1
What is the thousands digit of 673035712?
5
What is the ten millions digit of 80487654?
8
What is the tens digit of 96161072?
7
What is the units digit of 181982907?
7
What is the thousands digit of 392667292?
7
What is the hundred millions digit of 1765161863?
7
What is the tens digit of 909977153?
5
What is the thousands digit of 37684409?
4
What is the hundreds digit of 4634910747?
7
What is the ten millions digit of 3357296367?
5
What is the units digit of 4660332?
2
What is the hundred thousands digit of 98703268?
7
What is the thousands digit of 6333960896?
0
What is the hundred millions digit of 1984288742?
9
What is the hundred millions digit of 119779017?
1
What is the units digit of 156422897?
7
What is the hundred thousands digit of 402348541?
3
What is the millions digit of 1208053145?
8
What is the millions digit of 6801940?
6
What is the units digit of 83392583?
3
What is the hundred thousands digit of 955889400?
8
What is the hundred millions digit of 1359481425?
3
What is the tens digit of 6416559463?
6
What is the hundreds digit of 2342817099?
0
What is the hundred thousands digit of 190261700?
2
What is the ten millions digit of 290991895?
9
What is the thousands digit of 629116393?
6
What is the millions digit of 108115266?
8
What is the tens digit of 111713404?
0
What is the thousands digit of 1164324128?
4
What is the hundreds digit of 341168732?
7
What is the hundred millions digit of 8061120356?
0
What is the units digit of 4448498?
8
What is the millions digit of 221224182?
1
What is the tens digit of 399201844?
4
What is the tens digit of 12525593?
9
What is the billions digit of 5867320458?
5
What is the hundreds digit of 170664832?
8
What is the hundreds digit of 40289984?
9
What is the units digit of 45651983?
3
What is the billions digit of 2795720277?
2
What is the units digit of 45882185?
5
What is the units digit of 9162291759?
9
What is the hundreds digit of 2361130817?
8
What is the units digit of 52901917?
7
What is the ten millions digit of 60519817?
6
What is the ten thousands digit of 2553717746?
1
What is the tens digit of 1617819208?
0
What is the ten thousands digit of 22318372?
1
What is the millions digit of 205690777?
5
What is the hundred thousands digit of 814187987?
1
What is the hundred millions digit of 347803900?
3
What is the ten thousands digit of 2358080840?
8
What is the hundred millions digit of 185412469?
1
What is the hundreds digit of 1911212116?
1
What is the units digit of 81904209?
9
What is the hundreds digit of 3528156907?
9
What is the ten thousands digit of 102861863?
6
What is the tens digit of 1307399821?
2
What is the hundreds digit of 6112383427?
4
What is the ten millions digit of 1853725714?
5
What is the units digit of 46264117?
7
What is the units digit of 11752365?
5
What is the millions digit of 97389031?
7
What is the hundred millions digit of 1813395041?
8
What is the units digit of 1554658379?
9
What is the ten thousands digit of 165721645?
2
What is the hundred millions digit of 207152160?
2
What is the millions digit of 448262021?
8
What is the units digit 